{"id":213,"date":"2018-01-03T13:37:00","date_gmt":"2018-01-03T13:37:00","guid":{"rendered":"https:\/\/orbitaweb.com.ar\/muestras\/coe\/?page_id=6"},"modified":"2021-07-28T15:55:56","modified_gmt":"2021-07-28T18:55:56","slug":"home","status":"publish","type":"page","link":"https:\/\/centrodeojosesteves.com.ar\/coe\/","title":{"rendered":"Home"},"content":{"rendered":"\n\n\t<h2><strong>Bienvenidos a Centro de Ojos Esteves<\/strong><\/h2>\n<p>El\u00a0Centro de Ojos Esteves\u00a0es el resultado de un proyecto gestado desde diciembre de 1986, por una joven pareja de m\u00e9dicos oftalm\u00f3logos : el\u00a0Dr. Hugo Esteves y la Dra. Patricia P. de Esteves, que se radican en la ciudad de Concordia para desarrollar su familia y profesi\u00f3n.<\/p>\n\t\t\t<a href=\"https:\/\/centrodeojosesteves.com.ar\/coe\/nosotros\/\" target=\"_self\" role=\"button\" rel=\"noopener\">\n\t\t\t\t\t\tSaber m\u00e1s\n\t\t<\/a>\n\t\t\t\t<img loading=\"lazy\" src=\"https:\/\/centrodeojosesteves.com.ar\/coe\/wp-content\/uploads\/2020\/02\/frontal-medio.jpg\" alt=\"frontal-medio\" itemprop=\"image\" height=\"645\" width=\"552\" title=\"frontal-medio\" onerror=\"this.style.display='none'\"  \/>\n\t<section>\n<h5><strong>Horarios disponibles<\/strong><\/h5>\n<ul>\n<li>Lunes a Viernes\n8:00 hs &#8211; 20:00 hs\n<\/li>\n<li>S\u00e1bado\n8:00 hs &#8211; 12:00 hs\n<\/li>\n<li>Domingo\nCerrado\n<\/li>\n<\/ul>\n<h5>\u00a0\u00bfLe gustar\u00eda saber m\u00e1s?<\/h5>\n<p>Conozca nuestro equipo de especialistas.<\/p>\n<\/section>\n<section>\n<\/section>\n\t\t\t<a href=\"https:\/\/centrodeojosesteves.com.ar\/coe\/nosotros\/\" target=\"_self\" role=\"button\" rel=\"noopener\">\n\t\t\t\t\t\tver m\u00e1s\n\t\t<\/a>\n\t<h2><strong><u>NUESTROS SERVICIOS<\/u><\/strong><\/h2>\n<h4>Nuestro centro de ojos cuenta con equipamiento de \u00faltima tecnolog\u00eda y toda la infraestructura necesaria para el diagn\u00f3stico, control y tratamiento de las enfermedades oculares.<\/h4>\n\t<h3><strong>Consultorios<\/strong><\/h3>\n\t\t\t\t<a href=\"https:\/\/centrodeojosesteves.com.ar\/coe\/consultorios\/\" target=\"_self\" itemprop=\"url\" rel=\"noopener\">\n\t\t\t\t<img src=\"https:\/\/orbitaweb.com.ar\/muestras\/coe\/wp-content\/uploads\/2020\/01\/consultorios.jpg\" alt=\"\" itemprop=\"image\" onerror=\"this.style.display='none'\"  \/>\n\t\t\t\t<\/a>\n\t<p>El centro cuenta con consultorios completamente equipados en donde se realizan los diagn\u00f3sticos cl\u00ednicos.<\/p>\n\t<h3><strong>Estudios<\/strong><\/h3>\n\t\t\t\t<a href=\"https:\/\/centrodeojosesteves.com.ar\/coe\/estudios\/\" target=\"_self\" itemprop=\"url\" rel=\"noopener\">\n\t\t\t\t<img src=\"https:\/\/orbitaweb.com.ar\/muestras\/coe\/wp-content\/uploads\/2020\/01\/estudios.jpg\" alt=\"\" itemprop=\"image\" onerror=\"this.style.display='none'\"  \/>\n\t\t\t\t<\/a>\n\t<strong>Estudios complementarios:<br \/>\n<\/strong> Angiografia digital computarizada, Retinografia digital, Tomografia de Coherencia Optica (OCT),\u00a0 etc\n\t<h3><strong>Cirug\u00eda<\/strong><\/h3>\n\t\t\t\t<a href=\"https:\/\/centrodeojosesteves.com.ar\/coe\/cirugias\/\" target=\"_self\" itemprop=\"url\" rel=\"noopener\">\n\t\t\t\t<img src=\"https:\/\/orbitaweb.com.ar\/muestras\/coe\/wp-content\/uploads\/2020\/01\/cirugias.jpg\" alt=\"\" itemprop=\"image\" onerror=\"this.style.display='none'\"  \/>\n\t\t\t\t<\/a>\n\t<ul>\n<li>Cirug\u00eda de catarata<\/li>\n<li>Cirug\u00eda facorefractiva<\/li>\n<li>Cirug\u00eda de glaucoma<\/li>\n<li>Cirug\u00eda de estrabismo<\/li>\n<li>Cirug\u00eda de p\u00e1rpados<\/li>\n<li>Cirug\u00eda de conjuntiva<\/li>\n<li>Tratamientos con Rayos Laser<\/li>\n<li>Cirug\u00eda de retina y Vitrectom\u00eda<\/li>\n<\/ul>\n\t<h2><strong><u>NOVEDADES<\/u><\/strong><\/h2>\n<h4>Las ultimas novedades en relaci\u00f3n con la medicina ocular y nuestra instituci\u00f3n.<\/h4>\n\t<p>[wp_show_posts id=&#8221;244&#8243;]<\/p>\n\n","protected":false},"excerpt":{"rendered":"<p>Bienvenidos a Centro de Ojos Esteves El\u00a0Centro de Ojos Esteves\u00a0es el resultado de un proyecto gestado desde diciembre de 1986, por una joven pareja de m\u00e9dicos oftalm\u00f3logos : el\u00a0Dr. Hugo Esteves y la Dra. Patricia P. de Esteves, que se radican en la ciudad de Concordia para desarrollar su familia y profesi\u00f3n. Saber m\u00e1s Horarios &hellip;<\/p>\n<p class=\"read-more\"> <a class=\"\" href=\"https:\/\/centrodeojosesteves.com.ar\/coe\/\"> <span class=\"screen-reader-text\">Home<\/span> Leer m\u00e1s &raquo;<\/a><\/p>\n","protected":false},"author":1,"featured_media":0,"parent":0,"menu_order":0,"comment_status":"closed","ping_status":"closed","template":"","meta":[],"_links":{"self":[{"href":"https:\/\/centrodeojosesteves.com.ar\/coe\/wp-json\/wp\/v2\/pages\/213"}],"collection":[{"href":"https:\/\/centrodeojosesteves.com.ar\/coe\/wp-json\/wp\/v2\/pages"}],"about":[{"href":"https:\/\/centrodeojosesteves.com.ar\/coe\/wp-json\/wp\/v2\/types\/page"}],"author":[{"embeddable":true,"href":"https:\/\/centrodeojosesteves.com.ar\/coe\/wp-json\/wp\/v2\/users\/1"}],"replies":[{"embeddable":true,"href":"https:\/\/centrodeojosesteves.com.ar\/coe\/wp-json\/wp\/v2\/comments?post=213"}],"version-history":[{"count":18,"href":"https:\/\/centrodeojosesteves.com.ar\/coe\/wp-json\/wp\/v2\/pages\/213\/revisions"}],"predecessor-version":[{"id":409,"href":"https:\/\/centrodeojosesteves.com.ar\/coe\/wp-json\/wp\/v2\/pages\/213\/revisions\/409"}],"wp:attachment":[{"href":"https:\/\/centrodeojosesteves.com.ar\/coe\/wp-json\/wp\/v2\/media?parent=213"}],"curies":[{"name":"wp","href":"https:\/\/api.w.org\/{rel}","templated":true}]}}